Give o(t).
-1
Let c(o) = o**3 - 2*o**3 + 2*o + 6*o**2 + 5*o + 4. Suppose -3*z - 4*x + 6*x = -13, 4*z = -x + 32. What is c(z)?
4
Let x = 8 - 3. Let j(n) = -n**3 + 6*n**2 - 4*n - 6. What is j(x)?
-1
Let q(w) = w**3 + 3*w**2 - 5*w - 3. Suppose -6 = 3*z - 3*s, 9*z - s + 22 = 4*z. Let r be (-2)/z - (-22)/(-5). Determine q(r).
1
Let g(o) be the second derivative of -o**4/6 + 2*o**3/3 + 4*o. Determine g(3).
-6
Let p(a) = 5*a + 7. Let b be p(-2). Let u(i) = -3*i**3 + 4*i**2 - 2*i - 7. Let c(y) = -y**3 + 2*y**2 - y - 3. Let r(v) = 5*c(v) - 2*u(v). What is r(b)?
-7
Suppose 45 = 5*l - 20. Let x(p) = -l*p + 10*p + 6*p - p**2 - 2. Calculate x(3).
-2
Suppose -10 = -5*q + 3*f, -5*f + 4*f - 2 = -q. Let x(u) = -3*u - u**q + 7 + 2*u + 2*u - 5*u. Calculate x(-5).
2
Let r(l) = -15*l + 13. Let s(w) = -7*w + 6. Let m(f) = -6*r(f) + 13*s(f). What is m(2)?
-2
Let i(y) = -y**2 + y - 1. Let v be i(2). Let h(f) = -f**2 - 4*f + 2. Give h(v).
5
Let j(x) = -x**3 + 6*x**2 - 5*x. Let t(i) = 2*i**3 + 5*i**2 + 5*i + 4. Let u be t(-3). Let f be (u/(-6))/((-10)/(-15)). Calculate j(f).
0
Let y(x) = -x**3 - 9*x**2 + x - 4. Let c(h) = h**3 - 19*h**2 + 4*h - 85. Let s be c(19). Give y(s).
-13
Let g be (22/(-4) - -3)*-2. Suppose 3*q = -4*i - 0*i + 15, g*q = -i + 25. Let z(s) = s**2 + s + 1. Determine z(i).
1
Let n(b) = -b - 1. Suppose 19 = x - 0*x - 4*j, -x = -3*j - 15. Suppose 0 = x*r - 5*r + 6. Let p(y) = -2*y + 2. Let h be p(r). Calculate n(h).
3
Let k(i) be the first derivative of -i**3/3 - 5*i**2/2 + i - 5. Calculate k(-6).
-5
Suppose 2*p + 6 = 4*p. Let f(i) = -2*i. Give f(p).
-6
Let n(h) = 177 - 350 - h + 177. Give n(-6).
10
Let r(l) = 10 - 5 - 5 - 3 + l**2. What is r(3)?
6
Let j(g) = g**3 + 6*g**2 - 8*g - 4. Let c(n) = n**2 - n. Let m(u) = -3*c(u) + j(u). Let f(r) = -r**2 - r + 2. Let b be f(-3). What is m(b)?
0
Let g(t) = t + 15. Let v be g(-16). Let s(c) = 11*c**3 - c**2. Give s(v).
-12
Let o(c) = c**3 + 3*c**2 - 5*c - 6. Let y(a) = -2*a + 2 + 1 + 3*a + 2*a. Let b be y(3). Suppose 3*p = -f - b, 3*p - 8*p = -3*f + 20. Calculate o(p).
-2
Let c(d) = -d**2 + d + 4. Suppose 4*n - 34 = -82. Let s be (6/9)/((-2)/n). Give c(s).
-8
Let x(w) be the first derivative of -w**4/4 + 7*w**3/3 - 5*w**2/2 - 4*w - 9. Let a(h) = 6*h**2 + h + 1. Let j be a(-1). Give x(j).
2
Let h = 0 - -3. Let k(c) be the first derivative of c**4/6 - 2*c**3/3 - 2*c + 2. Let n(y) be the first derivative of k(y). What is n(h)?
6
Let z(g) = 7*g**2 + 3*g - g**2 - 5*g**2 + 6 + 3*g. Let x(v) = -v. Let k = 8 - 3. Let b be x(k). Determine z(b).
1
Let y(f) = -3*f + 5. Suppose 5*n + 2*o = 22, 2*o = -2*n - 3*o - 8. Give y(n).
-13
Suppose 0 = r - 2*r. Let w(l) be the second derivative of 0 + r*l**2 - 1/12*l**4 + 0*l**3 - l. Calculate w(-1).
-1
Let n(a) = -2*a**2 - a - 1. Suppose 0 = -2*m - 3*i - 17, 4*m - 5*i - 12 = 9. Let r be n(m). Let f(d) = 2*d**3 + 4*d**2 + 4*d + 2. Give f(r).
-6
Suppose 3*m + 58 = 3*z + 4*m, 0 = -2*z - 3*m + 48. Let f = 22 - z. Let s(r) = r**2 - 5*r + 1. Determine s(f).
-3
Let h(y) be the first derivative of -y**4/4 + y**3/3 - 1. Let u = -3 - -3. Suppose -v = -u*v - 2*w, -3*v = 3*w. Determine h(v).
0
Let z(j) = j - 4. Let i be z(3). Let c(g) be the third derivative of 0*g + 5/24*g**4 + 1/6*g**3 + 0 - g**2. What is c(i)?
-4
Let p(f) be the second derivative of -f**5/20 - f**3/6 + 4*f**2 - 3*f. Give p(0).
8
Let y be 30/15*(-5)/2. Let q(x) = x**2 + 6*x. Let z be q(y). Let u(n) = -n**2 - 6*n - 4. Calculate u(z).
1
Let z(l) = l**2 - 4*l - 7. Let o be (4/6)/((-17)/(-153)). Calculate z(o).
5
Let h(z) = -2*z + 2. Let a(p) = -2*p + 3. Let k(q) = -5*a(q) + 6*h(q). Let r be 5 + 2/(-1) + 2. Suppose 4*f + r = m, -2*f - m = -3*m - 2. What is k(f)?
1
Let u(q) = -q**3 + q**2 + q + 3. Let g be u(3). Let c = 9 + g. Let j(w) be the second derivative of w**3/6 - 2*w**2 + w. Calculate j(c).
-7
Let x be (-78)/(-9) - (-5)/(45/(-6)). Let o(c) = -c - 1. Determine o(x).
-9
Suppose 0*s = -3*s + 4*w - 21, s + 7 = w. Let u = 11 + s. Let x(p) = -3*p + p**2 - u*p - 6*p**3 + 6*p. Calculate x(1).
-6
Let a(d) be the third derivative of -d**5/60 - d**4/24 + d**3/2 + 34*d**2. What is a(0)?
3
Let k = 32 + -29. Suppose 0 = -4*u - 8, -5*u - 10 = -d + 5*d. Let z(q) = -4*q**3 - q - 1 + d*q**2 + 5*q**2 + k*q**3. Determine z(5).
-6
Suppose 6*t = 4*t + 2. Let w(h) = 5*h + h - t - 6 + h**2. Determine w(-7).
0
Let n(p) = 25*p - 10*p - 3 - 8*p. Determine n(2).
11
Let i(y) = -4*y**2 + y. Suppose v + 4*v = 10. Suppose -2*l - v = -0*l. Give i(l).
-5
Let w(m) = 3*m**2 - m + 1. Let b be w(1). Let d(z) = 9 - 2*z**3 - z - b*z**2 - 10 + 3*z**3. What is d(3)?
-4
Let r be 2/2*12/4. Suppose 5 - 8 = r*i. Let n(d) = -4*d. Let q be n(i). Let l(o) = -o**2 + 3*o + 5. What is l(q)?
1
Let l(k) be the second derivative of k**4/12 + k**3/6 - 5*k**2/2 + 33*k. Give l(-5).
15
Let p(x) = -x**3 - 5*x**2 + 6*x - 1. Let u be p(-6). Let h(w) be the second derivative of 3*w**5/20 - w**4/6 + w**2/2 - w. Determine h(u).
-4
Let g(d) = d - 1. Let v be g(5). Let h = v + -2. Let p(l) = -5*l + 0 - l + 5 + l**h. Give p(4).
-3
Suppose -27 = 7*o + 15. Let u(i) = -i**2 - 8*i + 3. Calculate u(o).
15
Let g(f) = -f - 1. Suppose 19 = -4*u - w, -2*u - 2*w = u + 18. What is g(u)?
3
Let n = -81 + 82. Let u(t) = -9*t + 1. Determine u(n).
-8
Let z be (4 + -2)/(4/(-2)). Let f be 12/3*z*1. Let j(x) be the third derivative of x**4/24 - 2*x**2. Give j(f).
-4
Let f(q) = -q**2 + 5*q - 2. Let i be f(3). Suppose i = 2*y - 3*o, 2 = 5*y - 4*o - 8. Let d(n) = -n**y - 2*n**2 - n + 2*n. Give d(1).
-2
Suppose 16*n - 24 = 10*n. Let x(v) = 3*v - 5. Determine x(n).
7
Let x(s) = 3*s**2 - 4*s**2 - 9 + 5 + 10*s + 5. Determine x(11).
-10
Let y be ((-4)/(-10))/((-4)/(-20)). Suppose y*n - 2 = a, 0 = a - 0*a - n - 1. Let d(i) = -i**3 + 4*i**2 + 2*i - 4. Determine d(a).
4
Let v be -4 + 1 + 3 + 4. Let d(y) = y + 1. Determine d(v).
5
Let x(j) = j**2 - 7*j + 4. Let s be 3/(-4*(-4)/32). Determine x(s).
-2
Let j(t) = 2*t + 1. Let r(m) = m - 1. Let a(d) = -j(d) - 2*r(d). Suppose -y = 3*k + 1, -3*y - 5*k - 3 = -0*y. Give a(y).
5
Let d(x) = -x**3 - 5*x**2 + 5*x - 5. Let i be (0 - (-2 - -1)) + -1. Suppose i = 4*u + c - 0 - 2, -4*u + 12 = -4*c. Let p be u - ((-6)/(-1) - -1). Give d(p).
1
Let z(h) = h**2 + 2. Let w be z(3). Let j = 9 - w. Let r(k) = -k - 1. Calculate r(j).
1
Let s(p) = -p**3 + 4*p**2 + 3*p + 1. Suppose 11*i - 50 = i. Determine s(i).
-9
Suppose -10 = -2*y - 4*i, -4*y + 52 - 19 = -5*i. Let v(r) = -r - 1. What is v(y)?
-8
Let f(m) = 0*m**3 + 21*m**2 - 19*m**2 + 2 + m**3 + 1 + 2*m. Calculate f(-3).
-12
Let a(s) = 7*s**2 - 4*s + 5*s - 2*s**2 - 1. Calculate a(1).
5
Let z(f) be the third derivative of f**8/6720 + f**7/1680 + f**6/720 - f**5/60 - f**2. Let u(d) be the third derivative of z(d). What is u(-2)?
7
Let y(z) = 12*z**3 - 5*z**2 - 4*z + 3. Let g(u) = 6*u**3 - 3*u**2 - 2*u + 2. Let a(i) = 5*g(i) - 3*y(i). Let h(d) = -2*d - 11. Let o be h(-5). What is a(o)?
5
Let f(v) = v**3 - 5*v**2 + 6*v - 4. Let n(a) = 3*a + 7. Let h be n(-1). Calculate f(h).
4
Let l(t) = t - 1. Suppose 2*c = 3*c + 4*v - 8, -2 = -2*c - v. Give l(c).
-1
Let d(w) = -w**2 + 3*w + 7. Suppose -2*x + 4 = -8. What is d(x)?
-11
Let m(g) = g. Let p be m(3). Suppose -f - 2 = p. Let v(j) be the first derivative of j**3/3 + 7*j**2/2 + 6*j + 19. Calculate v(f).
-4
Let p(m) = m + 2. Let l(r) = r**3 - 3*r**2 - 9*r - 7. Let c be l(5). Give p(c).
0
Let a(x) = -x**3 + 2*x**2 + 2*x - 1. Suppose -23*j + 72 - 3 = 0. Give a(j).
-4
Let o(k) = -2 + k**3 + 7*k - 7*k**3 + 11*k**3 + 9*k**2 + 0. Let s(u) = -14*u**3 - 26*u**2 - 20*u + 5. Let x(b) = -17*o(b) - 6*s(b). Determine x(4).
-8
Let l(z) = 2*z - 1 - z**3 + 4 - 3 - 2*z**2. Give l(-3).
3
Let k be -1 - 6 - (-4 + 2). Let h(t) = 2*t**3 + 12*t**2 + 13*t - 17. Let r(d) = d**3 + 6*d**2 + 7*d - 9. Let j(v) = 4*h(v) - 7*r(v). What is j(k)?
5
Suppose 5*n = -z, -4*z = -3*n + 8*n. Let x(q) = z*q - 4*q + 5*q + q. Let r = -4 + -1. Determine x(r).
-10
Let x(h) be the third derivative of h**5/20 - h**4/6 + h**3/3 - 9*h**2. Calculate x(2).
6
Suppose 32 = -2*m - 5*z, 4*m - 18*z = -13*z - 4. Let v(h) be the third derivative of -h**6/120 - 7*h**5/60 - 7*h**4/24 - 7*h**3/6 - h**2. Give v(m).
-1
Let p(l) = -7*l**2 + 19*l - 16. Let v(d) = -4*d**2 + 10*d - 8. Let w(b) = 3*p(b) - 5*v(b). Determine w(6).
-2
Let u(x) = x + 1. Suppose 0 = i